274413011 a composite number?
False
Is 520498733 prime?
False
Is 4290415 prime?
False
Is 10405471 a composite number?
True
Is 22706731 a composite number?
False
Is 3132629 composite?
False
Is 29934505 composite?
True
Is 1134411 prime?
False
Is 240672397 composite?
True
Is 179187739 composite?
False
Is 32491 composite?
False
Is 430259 composite?
False
Is 16331717 a prime number?
True
Is 31590219 a prime number?
False
Is 419591 a prime number?
True
Is 17797873 composite?
False
Is 44613181 prime?
True
Is 1219078321 composite?
False
Is 9046171 a prime number?
False
Is 9329597 prime?
True
Is 108609167 prime?
True
Is 24357773 a composite number?
True
Is 72850247 a prime number?
False
Is 1133731 composite?
False
Is 110222699 composite?
True
Is 2400049 a prime number?
False
Is 165303071 prime?
True
Is 22148761 a composite number?
True
Is 8304757 composite?
False
Is 398463701 a composite number?
False
Is 469188857 a prime number?
True
Is 11548318 a composite number?
True
Is 67783931 a composite number?
True
Is 103663253 prime?
False
Is 70125995 prime?
False
Is 11991067 composite?
True
Is 295499753 a composite number?
True
Is 1212241 prime?
True
Is 1380091 prime?
False
Is 65219213 composite?
True
Is 249095401 a prime number?
True
Is 128250253 prime?
False
Is 8655263 a prime number?
True
Is 3767971 prime?
True
Is 70042211 prime?
True
Is 649351 a composite number?
True
Is 17086499 composite?
False
Is 29982059 a composite number?
False
Is 33457409 a composite number?
False
Is 15238303 composite?
True
Is 1065412679 a prime number?
True
Is 696421 composite?
True
Is 47612239 a prime number?
False
Is 7020157 prime?
False
Is 288462611 a composite number?
True
Is 4816061 a prime number?
True
Is 6023957 composite?
False
Is 55545811 a composite number?
False
Is 17539471 a composite number?
False
Is 38408359 a prime number?
False
Is 4715309 prime?
False
Is 3613561 prime?
False
Is 338993 a composite number?
False
Is 101213089 composite?
True
Is 18570149 a composite number?
True
Is 66897581 composite?
True
Is 1681219 a composite number?
False
Is 4677779 a composite number?
False
Is 262876043 composite?
True
Is 86277137 prime?
True
Is 3402473 a prime number?
True
Is 184986547 a composite number?
True
Is 93783629 a prime number?
False
Is 310956266 prime?
False
Is 10793247 prime?
False
Is 81902507 a composite number?
False
Is 36106337 composite?
False
Is 834451 composite?
True
Is 42316991 prime?
True
Is 187290073 a prime number?
True
Is 289079887 composite?
True
Is 799183841 prime?
True
Is 1755221 prime?
False
Is 133345 a prime number?
False
Is 7634645 prime?
False
Is 11469719 prime?
True
Is 34022 composite?
True
Is 2672455 a prime number?
False
Is 14490955 composite?
True
Is 617275873 prime?
False
Is 15382057 prime?
True
Is 17598901 composite?
False
Is 128590703 composite?
True
Is 246881543 composite?
True
Is 16767383 composite?
False
Is 1696943 a composite number?
False
Is 35858683 composite?
True
Is 22096489 prime?
True
Is 749641 composite?
False
Is 357185453 prime?
False
Is 264673 a composite number?
True
Is 1130443 a prime number?
False
Is 114836231 composite?
True
Is 1378063 prime?
False
Is 2627459 composite?
True
Is 18643189 prime?
False
Is 96843277 a prime number?
True
Is 455881 a composite number?
False
Is 59045533 prime?
True
Is 72976259 a composite number?
True
Is 637459 a prime number?
True
Is 3717869 a composite number?
False
Is 2277497 prime?
False
Is 557617 a prime number?
False
Is 5157631 composite?
True
Is 5885293 composite?
True
Is 138548143 composite?
True
Is 36030439 a prime number?
True
Is 45997253 composite?
True
Is 217680607 a composite number?
False
Is 111822863 prime?
True
Is 15101737 composite?
True
Is 9629661 prime?
False
Is 28483267 prime?
True
Is 2501843 a prime number?
True
Is 4463057 prime?
True
Is 9238499 a composite number?
False
Is 57328487 a composite number?
True
Is 10252637 prime?
True
Is 43787003 a prime number?
False
Is 32124427 a prime number?
True
Is 12979247 composite?
True
Is 20925569 a composite number?
True
Is 148523 composite?
True
Is 1820087 a prime number?
True
Is 390151919 a composite number?
False
Is 5130137 composite?
True
Is 16953907 a composite number?
True
Is 2881607 a composite number?
True
Is 4981071 a composite number?
True
Is 392612557 prime?
True
Is 41517022 composite?
True
Is 123299663 prime?
True
Is 16361789 a composite number?
True
Is 100721 composite?
True
Is 1395739 prime?
True
Is 22772791 composite?
False
Is 31172359 a composite number?
True
Is 81721981 a prime number?
False
Is 3536713 a prime number?
False
Is 2987003 a composite number?
True
Is 90768653 a composite number?
False
Is 100167311 composite?
False
Is 39159523 prime?
False
Is 2584661 a composite number?
False
Is 33572491 a composite number?
True
Is 793321093 prime?
False
Is 6444391 a prime number?
True
Is 17799161 a prime number?
False
Is 827217329 a composite number?
True
Is 105530723 composite?
True
Is 2016802 a prime number?
False
Is 168991877 a composite number?
True
Is 90418313 a composite number?
True
Is 1224313 a composite number?
True
Is 4519811 a composite number?
False
Is 1234309 a composite number?
False
Is 1216543 a prime number?
True
Is 40654973 composite?
True
Is 32004941 composite?
False
Is 144433085 prime?
False
Is 818837 a composite number?
False
Is 507877417 composite?
True
Is 6164533 a prime number?
False
Is 5270059 prime?
False
Is 12302497 composite?
False
Is 27009167 a prime number?
True
Is 3771907 prime?
True
Is 2823545 a composite number?
True
Is 282223 a composite number?
True
Is 3812669 composite?
True
Is 26224093 prime?
False
Is 2118463 prime?
False
Is 83595581 composite?
True
Is 21272071 composite?
True
Is 4558943 prime?
True
Is 5232749 a prime number?
True
Is 33964774 a composite number?
True
Is 55613161 prime?
True
Is 10250477 a composite number?
True
Is 8567453 prime?
True
Is 14592283 a composite number?
False
Is 27435253 prime?
True
Is 1262363 a composite number?
False
Is 11326177 composite?
False
Is 19057721 a composite number?
False
Is 1412795 composite?
True
Is 105123293 composite?
True
Is 654392542 a composite number?
True
Is 2027497 a prime number?
True
Is 8426663 prime?
False
Is 12250871 composite?
True
Is 84901507 a prime number?
False
Is 25327571 composite?
False
Is 1697549411 a composite number?
False
Is 128510999 composite?
False
Is 1354931 composite?
False
Is 84251859 a composite number?
True
Is 1397951 composite?
False
Is 2790847 a composite number?
True
Is 459742499 composite?
False
Is 3702523 a prime number?
False
Is 8081747 composite?
False
Is 19092509 a prime number?
False
Is 139566941 a prime number?
True
Is 3388589 a prime number?
True
Is 82605505 prime?
False
Is 176584921 composite?
False
Is 154776623 a prime number?
True
Is 63588691 a composite number?
True
Is 47317867 a composite number?
True
Is 1085291 composite?
True
Is 17020693 composite?
False
Is 5625479 a prime number?
False
Is 36840047 prime?
False
Is 1493027 a prime number?
True
Is 2569789 a prime number?
True
Is 139858219 a composite number?
False
Is 1062647 composite?
True
Is 156539 composite?
False
Is 47731 a prime number?
False
Is 11552489 a prime number?
False
Is 173409601 composite?
True
Is 5840005 a composite number?
True
Is 723865 a prime number?
False
Is 111392327 a composite number?
True
Is 256719119 a composite number?
False
Is 2409793 a composite number?
True
Is 32071889 prime?
True
Is 21509549 a composite number?
False
Is 8186257 a prime number?
False
Is 12086699 composite?
False
Is 6676639 composite?
True
Is 4355551 a composite number?
False
Is 262583 prime?
True
Is 76905377 a prime number?
False
Is 565737 a composite number?
True
Is 107023223 a composite number?
True
Is 625031 a composite number?
True
Is 60651919 composite?
False
Is 1913423 a prime number?
False
Is 357138458 prime?
False
Is 1160933 a composite number?
True
Is 5405669 prime?
True
Is 69659 a prime number?
False
Is 28947119 prime?
True
Is 7009661 prime?
False
Is 218249 a composite number?
False
Is 2712007 composite?
False
Is 718121 prime?
True
Is 9892783 a prime number?
False
Is 42541307 composite?
False
Is 426487 a composite number?
False
Is 6805699 prime?
True
Is 333844531 a prime number?
True
Is 47472671 a prime number?
True
Is 155306293 composite?
Tr